lculate s(a).
2
Let o(t) = 8*t + 1. Suppose 0 = 4*d + 3 - 15. Suppose d*b - b = -12. Let g(a) = -a**3 - 6*a**2 + 1. Let q be g(b). Give o(q).
9
Let c(s) = 3*s + 4. Let p be c(-2). Let v(t) = 2*t**2 + 4*t + 3. What is v(p)?
3
Let d(u) = u**3 + 2*u**2 - 2*u. Let t be d(-3). Let q be (2/t)/(2/6). Let h(g) be the second derivative of g**5/20 + g**4/4 + g**3/3 - 5*g. Calculate h(q).
0
Let g(z) be the first derivative of z**3 + z**2 + z + 10. Determine g(-1).
2
Let m = 15 - 13. Let u(v) = -3*v + m*v - 3*v - 1 - v. What is u(1)?
-6
Let m(q) = -q - 11. Let x(k) = -8*k**3 + 3*k**2 - 5*k + 2. Let b be x(1). What is m(b)?
-3
Let n be -4 - 0*4/(-8). Let a(l) = -l + 6. Let k(o) = -1. Let z = 3 - 8. Let x(b) = z*k(b) - a(b). Calculate x(n).
-5
Suppose -22 = -5*d - 2*w, 5 = -w + 6. Let i be 42/(-12)*(-4)/7. Let j(p) = -2*p**i - p + 5 + p**2 + 8*p - 11. Give j(d).
6
Let k(w) = -3*w**3 - 3*w**2 - 3. Let o(a) = a**3 + a**2 - 1. Let t(q) = -k(q) - 4*o(q). Determine t(0).
7
Let w(r) = -3*r**3 - r**2. Let d = 3 + 0. Suppose -8*u - 3*k = -d*u - 10, 0 = 2*u - 5*k + 27. Determine w(u).
2
Let u(o) = -o**2 - 4*o + 2. Let s(a) be the first derivative of a**2/2 + 2*a - 1. Let h be s(-7). Determine u(h).
-3
Let m(s) = -12*s**2 + s - 1. Let i be m(1). Let a be i/(-16) - (-62)/(-8). Let p = a + 3. Let y(r) = -2*r - 2. Calculate y(p).
6
Let v be ((-7)/(-3) + -2)*15. Let k(x) = -2 + v*x**2 + 4 - 1. Determine k(1).
6
Let q(m) = -3*m - 6*m + 2*m**2 - 7*m**2 + 6*m**2 + 1. What is q(5)?
-19
Let v(y) = 24*y - 1. Let s(k) = -2*k. Let j(p) = 22*s(p) + 2*v(p). Let l(m) = m**3 + 4*m**2 + 3*m - 2. Let g be l(-3). Calculate j(g).
-10
Let q(u) = u**3 - u**2 + 11. Let i = -4 + 4. Calculate q(i).
11
Let q(j) = 3*j + 0*j - 4*j. Let m(n) = n**2 - 4*n - 4. Let a be (10/(-20))/(2/(-4)). Let c(l) = a*m(l) - 6*q(l). Calculate c(-4).
4
Let s(u) = -u - 7. Suppose 0 = 2*t + 2*t + o + 35, -5*o = 2*t + 13. Let d = t + 13. Suppose -2 - 13 = w - 5*x, -d*w - 2*x - 16 = 0. Give s(w).
-2
Let p be 3/(4 - 1) - 1. Let n(z) = p*z - 3*z + 3 + 2*z**2 + z**2. What is n(2)?
9
Let h(q) = 6*q - 12*q**3 - 2 - 2*q**2 - 2*q - 3*q**2 + 13*q**3. Determine h(2).
-6
Let q(p) = p + 3. Let w be q(-5). Let j(u) = 5 - 7*u + 6*u - 7. Determine j(w).
0
Suppose -2*u + 10 = -2. Let j(q) = -7*q + 2*q + u*q + q + 3. Determine j(-6).
-9
Let t(j) = -j + 1. Let g(u) = -u - 1. Let y be g(1). Suppose 2*h + 5*l = 14, 0 = l + 3*l - 16. Let o = y - h. Give t(o).
0
Let k(c) = c**2 - 8*c - 5. Let m(v) = 2*v**2 - 9*v - 6. Let u(x) = 4*k(x) - 3*m(x). Give u(-3).
-5
Let j(p) be the third derivative of -7*p**4/24 - 12*p**2. Calculate j(3).
-21
Suppose 2*t - 2 = -4*m, m - 4*t = 5*m + 4. Let y(q) = -7*q - m*q**2 + 4 - 3*q**3 + 4*q**3 + 1 + 0*q**2. Give y(4).
9
Let x(u) be the first derivative of u**2 + 4*u + 32. Calculate x(-3).
-2
Let d(t) be the third derivative of 1/2*t**3 - 3*t**2 + 1/12*t**4 + 0*t + 0. Determine d(-3).
-3
Let x(v) = -v**3 + 4*v**2 - 4. Suppose 0 = -s + 5*s + 4. Let l = s - -5. Calculate x(l).
-4
Let d(a) = -a. Suppose -4*k - 9 = -7*k. Let j = -3 - -2. Let f = j + k. Determine d(f).
-2
Let w be 0/((-8)/(-3) + 6/(-9)). Let r(o) = o + 6. Give r(w).
6
Let s(r) be the third derivative of r**5/30 + r**3/6 + 40*r**2. Determine s(-1).
3
Let l(x) be the second derivative of x**5/20 - 5*x**4/12 - 7*x**3/6 + 7*x**2/2 - 3*x. Calculate l(6).
1
Let k be -7*(-5 + 4)/1. Let p(y) = -y**3 + 7*y**2 + 1. What is p(k)?
1
Let b = 7 - 9. Let j(h) = -5*h + 2. Let t(q) = -4*q + 2. Let u(i) = 6*j(i) - 7*t(i). What is u(b)?
2
Suppose -2*v = -4*n + v - 9, -2*v = -5*n - 6. Let l(t) be the third derivative of 0*t + 0*t**3 - 1/30*t**5 - 1/20*t**6 - 1/24*t**4 + n - 4*t**2. What is l(-1)?
5
Let h(n) be the second derivative of n**5/20 + n**4/6 - 7*n**3/6 - 3*n**2/2 + 4*n. Let l(i) = i**2 - i - 1. Let g(x) = -h(x) + 4*l(x). Give g(3).
-1
Let l(q) = 3*q + 3. Let x be 62/(-10) + (-7)/(-35). Let c be 3/x*(-1 - 5). Suppose -c*y = 3, -4*p - 5 = -2*y - y. Calculate l(p).
-3
Let j = 4 + -4. Let q(n) = -n**2 - 6*n + 2. Let m be q(-5). Let r(i) = j*i**2 + i**2 - m - 2*i**2 - 6*i. Determine r(-5).
-2
Let q(x) = 2*x + 275*x**3 - 2*x + 1 - x - 267*x**3. Suppose s = 4*s - 3. Calculate q(s).
8
Let p(q) = -q**2 - 1. Suppose -15*o + 63 = 6*o. What is p(o)?
-10
Let w(l) = -2*l - 8. Suppose -36 = 4*m + 2*m. Determine w(m).
4
Let x(o) = o**2 + 9*o - 3. Let i be x(-9). Let y(r) = 3*r**2 + 4 - r - 4*r**2 + 2*r. Determine y(i).
-8
Let k(m) = -m**2 - 7*m - 8. Let i(n) = -7*n + 14*n + n**2 + 7*n - 6. Let b be i(-14). Determine k(b).
-2
Let w be (5 - 6)/((-2)/14) + -4. Let s(x) = -x + 5. What is s(w)?
2
Suppose -3*t = 2*k - 30, -5*t + k + 34 = -k. Let r(h) = h**3 - 8*h**2 - 2*h + 9. Calculate r(t).
-7
Let t(o) be the first derivative of o - 1/3*o**3 + 0*o**2 + 2. Let r be (2 + -3)/((-1)/3). Determine t(r).
-8
Let r(s) be the second derivative of s**5/20 - 5*s**4/12 + s**3/2 + 5*s**2/2 + 4*s. Give r(4).
1
Let x(i) = -i. Suppose 0 = -2*m - 3*m + 45. Suppose 3*v + 2*v = -3*u + 37, v + u = m. What is x(v)?
-5
Let z = 2 - 3. Let y(i) = 2*i**3 - 122 + 3*i + 123 + 2*i**2 - i. Determine y(z).
-1
Let q(a) be the first derivative of a**3/3 + 4*a**2 + 2*a - 3. Let m be q(-8). Let l(z) = 2*z**2 - 1. Give l(m).
7
Let s = 1 + 1. Let x(a) = -a**2 - 5*a + s - 4 + a. Give x(-5).
-7
Let k(c) = -c**2 + 6*c - 3. Let q be k(4). Let t(r) = r + 5. Let m(b) = -6*b - 26. Let j(x) = -2*m(x) - 11*t(x). Calculate j(q).
2
Suppose 12 = -28*y + 26*y. Let x(c) = -c**2 - 5*c. Give x(y).
-6
Let y(m) = m**3 + m**2. Let r be 3 + (-4 - -3 - 0). Let k = r + -2. Determine y(k).
0
Let b(p) = -2*p - 5 - 1 + p. Let v(f) = -f - 3. Let j be v(-8). Determine b(j).
-11
Let n(s) = -6*s - 2*s + 11*s + 1. Give n(2).
7
Let h = 30 + -26. Suppose -2*p - 2 = -h. Let s(r) = -7*r - 13. Let n(t) = 4*t + 7. Let m(y) = -11*n(y) - 6*s(y). Give m(p).
-1
Let j(f) = -f**2 - 5*f**2 + 5*f**2 - 9 - 6*f. Determine j(-6).
-9
Let b = -26 - -22. Let a(t) = t**2 + 6*t. Calculate a(b).
-8
Let s(v) be the second derivative of 11*v**3/6 - v**2/2 - 14*v. Determine s(-1).
-12
Let z(j) = -j**2 - 9*j - 5. Let g be z(-8). Suppose -7 - 2 = -g*s. Let q be (3/(-2))/(s/(-4)). Let d(b) = b**3 - 3*b**2 + 2*b + 1. Calculate d(q).
1
Suppose 0 = -3*a - 2*a + 35. Let x(o) = -o + 9. Let g be x(a). Let b(j) = -9*j**3 + j**2 + 4 - 2*j + 3*j**g + 8*j**3. What is b(3)?
7
Let d(k) = 3*k**2 - 2*k + 3. Let o(y) = -2*y**2 + 2*y - 3. Let s(r) = 3*d(r) + 4*o(r). Let w(x) = -x - 2. Let f be w(-2). Suppose f = -n - 0 + 2. Give s(n).
5
Let i(s) be the third derivative of -s**4/12 + s**3/3 - 24*s**2. What is i(8)?
-14
Suppose -6 = 2*x, 0 = -2*y - 8*x + 3*x - 21. Let h(p) = -p**3 - 4 + 1 - 5*p**2 - 4*p + 4 - 2. Determine h(y).
-7
Suppose -5*p = d - 15, -6*d + 2*d - 2*p = -24. Suppose -2*x + x + d = 0. Let z(i) = i + 2. Give z(x).
7
Let x(c) be the third derivative of c**5/30 + c**4/12 - c**3/2 - 2*c**2. Calculate x(-3).
9
Let o(q) = 2*q**3 - q**2 + q - 1. Let c be o(1). Let p(v) = -7*v**3 + v**2 - 1. Determine p(c).
-7
Let c(v) = -3*v - 3. Let q(p) = 6*p - 18. Let h be q(4). What is c(h)?
-21
Let y(q) = 64*q**2 - 1 + 3 - 66*q**2 - q**3. What is y(-2)?
2
Let w(x) be the first derivative of -1/4*x**4 + 4*x - 1 + 0*x**2 - 4/3*x**3. Calculate w(-3).
-5
Let p be 5 - 3 - 2/(-2). Let a(u) be the first derivative of 3*u + 4 + 3/2*u**2. Determine a(p).
12
Let f(m) = -m**3 + 3*m**2 - 3. Let j = -24 + 27. Determine f(j).
-3
Let m = 6 - -1. Let g(f) = 1 + f + 1 - m. Let j = -1 - -6. Calculate g(j).
0
Let h(k) = -4*k**2 - k + 1. Suppose 2 = -3*j - 2*y, -j = -2*j - y. What is h(j)?
-13
Suppose -s = -0 + 8. Let r = s + 8. Let h(w) = w**2 + 6. Give h(r).
6
Let v(p) = 6*p**3 + 2*p**2 - 2*p + 1. Let j = 14 - 2. Let t be 3/j + (-14)/(-8). Let f be (2*1)/(4 - t). What is v(f)?
7
Let f(a) = 2*a**2 + 4*a - 1 - 4*a**2 + 2*a - 4*a + 6*a**3. Give f(1).
5
Suppose -s - 11 = -3*o, 0 = 2*s - 0*s - 8. Let x(w) = -w - 4. Let z(p) = 4*p + 13. Let a(j) = -j - 1. Let f be a(-3). Let b(n) = f*z(n) + 7*x(n). What is b(o)?
3
Let i(y) be the third derivative of -3*y**2 + 0 + 0*y + 1/24*y**4 - 1/240*y**6 + 0*y**3 + 1/120*y**5. Let a(f) be the second derivative of i(f). Calculate a(2).
-5
Let z = -10 + 6. Let u = z + 10. Let a(n) = -n**2 + 8*n - 6. Determine a(u).
6
Let g(k) = -7*k**2 - 19*k + 17. Let i(y) = 8*y**2 + 10